e
Is 22 a factor of 5434?
True
Is 2353 a multiple of 9?
False
Does 5 divide 3845?
True
Does 11 divide 2029?
False
Does 14 divide 4816?
True
Is 313 a multiple of 159?
False
Is 274 a multiple of 33?
False
Is 21 a factor of 149221?
False
Is 17 a factor of 6379?
False
Does 120 divide 4440?
True
Is 7 a factor of 6127?
False
Is 3713 a multiple of 5?
False
Does 47 divide 112424?
True
Is 11 a factor of 643?
False
Is 637 a multiple of 132?
False
Does 44 divide 2700?
False
Is 14 a factor of 2723?
False
Is 10 a factor of 60?
True
Does 9 divide 5517?
True
Is 5 a factor of 4685?
True
Does 68 divide 340?
True
Does 16 divide 89792?
True
Is 16750 a multiple of 25?
True
Is 10 a factor of 550?
True
Does 8 divide 160?
True
Is 26 a factor of 1404?
True
Is 1638 a multiple of 21?
True
Is 36210 a multiple of 34?
True
Does 65 divide 2329?
False
Is 1287 a multiple of 13?
True
Is 1941 a multiple of 33?
False
Is 10 a factor of 2980?
True
Is 22624 a multiple of 16?
True
Is 20 a factor of 36330?
False
Is 8624 a multiple of 44?
True
Is 66 a factor of 62106?
True
Is 141 a factor of 14241?
True
Is 1488 a multiple of 120?
False
Is 116 a factor of 2436?
True
Does 87 divide 23283?
False
Is 54 a factor of 37434?
False
Does 19 divide 2291?
False
Is 9 a factor of 2009?
False
Is 52 a factor of 15912?
True
Does 41 divide 1211?
False
Does 90 divide 29880?
True
Is 510 a multiple of 21?
False
Is 21 a factor of 672?
True
Is 186 a factor of 1302?
True
Is 580 a multiple of 7?
False
Is 20 a factor of 11316?
False
Is 31 a factor of 7161?
True
Is 27 a factor of 378?
True
Is 49 a factor of 1814?
False
Is 58 a factor of 4179?
False
Does 31 divide 4428?
False
Is 742 a multiple of 53?
True
Is 3009 a multiple of 59?
True
Is 3 a factor of 883?
False
Is 30 a factor of 1560?
True
Is 9 a factor of 312?
False
Does 81 divide 15147?
True
Is 4 a factor of 200?
True
Is 118 a multiple of 2?
True
Does 17 divide 4250?
True
Does 50 divide 36800?
True
Is 4 a factor of 192?
True
Is 25 a factor of 1675?
True
Is 3239 a multiple of 41?
True
Is 78 a factor of 6474?
True
Does 37 divide 21756?
True
Is 981 a multiple of 14?
False
Is 17193 a multiple of 194?
False
Does 83 divide 664?
True
Is 5170 a multiple of 70?
False
Does 10 divide 1961?
False
Is 12 a factor of 22968?
True
Is 611 a multiple of 21?
False
Does 3 divide 518?
False
Does 65 divide 16613?
False
Is 5 a factor of 4783?
False
Is 16 a factor of 992?
True
Is 25 a factor of 18254?
False
Is 50 a factor of 581?
False
Does 45 divide 380?
False
Does 4 divide 2321?
False
Is 15 a factor of 22800?
True
Does 64 divide 2432?
True
Does 60 divide 2330?
False
Is 657 a multiple of 9?
True
Is 1151 a multiple of 7?
False
Is 37 a factor of 296?
True
Is 65966 a multiple of 7?
False
Is 8606 a multiple of 10?
False
Is 17580 a multiple of 60?
True
Is 11 a factor of 60747?
False
Does 17 divide 2114?
False
Is 20 a factor of 1790?
False
Is 2653 a multiple of 45?
False
Does 49 divide 196?
True
Is 88 a multiple of 5?
False
Does 42 divide 32844?
True
Is 9 a factor of 3653?
False
Does 35 divide 770?
True
Is 14945 a multiple of 49?
True
Does 2 divide 223?
False
Is 4340 a multiple of 140?
True
Is 12 a factor of 72660?
True
Does 39 divide 16757?
False
Is 30862 a multiple of 285?
False
Is 15 a factor of 3165?
True
Is 105 a factor of 2100?
True
Is 13 a factor of 10998?
True
Is 67 a factor of 1072?
True
Is 3048 a multiple of 24?
True
Is 4 a factor of 29191?
False
Is 8474 a multiple of 286?
False
Does 23 divide 203?
False
Is 11 a factor of 5734?
False
Is 36 a factor of 864?
True
Does 159 divide 1749?
True
Is 61 a factor of 1281?
True
Is 278 a factor of 36140?
True
Is 747 a multiple of 37?
False
Does 14 divide 327?
False
Is 706 a multiple of 68?
False
Is 1230 a multiple of 10?
True
Does 26 divide 7150?
True
Does 104 divide 3140?
False
Is 18 a factor of 2394?
True
Does 34 divide 571?
False
Is 62 a factor of 769?
False
Is 83 a factor of 1411?
True
Is 24 a factor of 2830?
False
Does 15 divide 4245?
True
Is 4740 a multiple of 58?
False
Does 66 divide 198?
True
Is 20376 a multiple of 8?
True
Is 36 a factor of 5688?
True
Is 2 a factor of 208?
True
Does 16 divide 650?
False
Is 31581 a multiple of 72?
False
Does 53 divide 16430?
True
Does 6 divide 10020?
True
Is 103 a multiple of 103?
True
Is 42 a factor of 2265?
False
Is 20 a factor of 9080?
True
Is 32 a factor of 4832?
True
Is 16 a factor of 456?
False
Is 250 a multiple of 10?
True
Is 18 a factor of 4122?
True
Does 8 divide 1592?
True
Does 11 divide 39134?
False
Is 503 a multiple of 17?
False
Is 20 a factor of 1744?
False
Is 1167 a multiple of 39?
False
Does 5 divide 40?
True
Does 17 divide 303?
False
Is 156 a factor of 16356?
False
Is 16 a factor of 651?
False
Does 50 divide 450?
True
Is 41 a factor of 123?
True
Is 46 a factor of 34611?
False
Is 348 a multiple of 4?
True
Is 24488 a multiple of 123?
False
Is 11 a factor of 16080?
False
Is 6 a factor of 2648?
False
Is 2136 a multiple of 89?
True
Does 5 divide 3875?
True
Is 80 a factor of 4720?
True
Is 10 a factor of 750?
True
Is 22311 a multiple of 201?
True
Is 587 a multiple of 10?
False
Is 128 a factor of 22144?
True
Is 5 a factor of 62?
False
Is 12 a factor of 3523?
False
Does 13 divide 2015?
True
Does 78 divide 19812?
True
Is 23 a factor of 1012?
True
Does 10 divide 4583?
False
Does 24 divide 18885?
False
Is 50752 a multiple of 4?
True
Is 27749 a multiple of 221?
False
Is 5 a factor of 815?
True
Is 132 a multiple of 4?
True
Does 9 divide 536?
False
Is 598 a multiple of 31?
False
Does 13 divide 3900?
True
Does 209 divide 81928?
True
Is 29 a factor of 4135?
False
Is 24043 a multiple of 38?
False
Is 12 a factor of 5244?
True
Is 4 a factor of 97?
False
Is 20 a factor of 228?
False
Is 2303 a multiple of 12?
False
Is 159 a factor of 3053?
False
Is 3 a factor of 451?
False
Does 4 divide 100?
True
Is 1950 a multiple of 15?
True
Does 110 divide 2200?
True
Is 15 a factor of 4875?
True
Is 244 a factor of 52460?
True
Does 3 divide 558?
True
Does 84 divide 2016?
True
Is 5750 a multiple of 11?
False
Does 71 divide 2020?
False
Is 6 a factor of 32954?
False
Does 16 divide 4450?
False
Is 26 a factor of 6318?
True
Is 19 a factor of 298?
False
Is 116 a factor of 3224?
False
Does 13 divide 12012?
True
Does 10 divide 799?
False
Is 8 a factor of 40?
True
Is 508 a multiple of 2?
True
Does 35 divide 300?
False
Is 46 a factor of 3548?
False
Does 83 divide 2324?
True
Is 3139 a multiple of 43?
True
Is 1100 a multiple of 55?
True
Is 4 a factor of 1081?
False
Does 8 divide 6985?
False
Does 24 divide 4543?
False
Does 24 divide 910?
False
Is 3192 a multiple of 3?
True
Does 102 divide 12444?
True
Is 20 a factor of 2360?
True
Is 1827 a multiple of 87?
True
Is 304 a multiple of 19?
True
Is 43 a factor of 67588?
False
Does 7 divide 511?
True
Is 2046 a multiple of 2?
True
Does 44 divide 600?
False
Is 3996 a multiple of 29?
False
Does 9 divide 991?
False
Is 75 a factor of 5925?
True
Does 28 divide 364?
True
Does 13 divide 572?
True
Is 2409 a multiple of 32?
False
Is 319 a multiple of 34?
False
Does 118 divide 2832?
True
Is 103218 a multiple of 16?
False
Is 133 a factor of 14619?
False
Does 19 divide 7101?
False
Is 56 a factor of 2558?
False
Is 2352 a multiple of 14?
True
Does 18 divide 307?
False
Is 13534 a multiple of 134?
True
Is 65 a factor of 10191?
False
Does 22 divide 110?
True
Is 20 a factor of 4480?
True
Does 28 divide 908?
False
Is 200 a factor of 21948?
False
Is 2884 a multiple of 6?
False
Is 14 a factor of 1847?
False
Does 8 divide 3715?
False
Does 12 divide 717?
False
Does 68 divide 9731?
False
Is 18 a factor of 1865?
False
Does 32 divide 39242?
False
Is 31242 a multiple of 41?
True
Is 38 a factor of 135429?
False
Is 12 a factor of 2769?
False
Does 11 divide 22836?
True
Does 11 divide 1091?
False
Is 9 a factor of 228?
False
Is 1867 a multiple of 135?
False
Does 47 divide 1081?
True
Is 7 a factor of 5534?
False
Is 74 a factor of 15263?
False
Does 7 divide 746?
False
Is 33 a factor of 4785?
True
Is 67968 a multiple of 236?
True
Is 2289 a multiple of 32?
False
Does 82 divide 2343?
False
Is 1548 a multiple of 86?
True
Is 23 a factor of 4798?
False
Is 3960 a multiple of 18?
True
Is 36 a factor of 2808?
True
Is 544 a multiple of 32?
True
Does 4 divide 99?
False
Is 471 a multiple of 17?
False
Is 1616 a multiple of 20?
False
